) - h/(-14) a composite number?
False
Let c = 8 + 11. Is c prime?
True
Suppose 10746 + 15291 = 9*x. Is x a composite number?
True
Let k(h) be the third derivative of -h**4/24 + 5*h**3/6 - 2*h**2. Let z be k(5). Suppose z = -5*n + 4*n + 9. Is n prime?
False
Let q(l) = l**3 + 2*l**2 - 1. Let i = -2 - -3. Let a be q(i). Suppose 5*m - a*k - 168 = 0, 3*k - 29 = -3*m + 76. Is m prime?
False
Let h be 0*3/(2 + -5). Let n(a) = h*a + 5 + 0 + a**2 + a. Is n(-7) prime?
True
Suppose -3*n - 378 = -4*t - 81, 181 = -2*n - 3*t. Let y = n + 148. Is y composite?
False
Let a = 245 - 166. Is a composite?
False
Let x = 62 + 3. Suppose -5*s + x = c, s = 5*c - s - 271. Is c a composite number?
True
Let x be 7 + -1 + (-1 - -1). Is (-345)/x*12/(-15) composite?
True
Suppose -5*c + 12 = 2. Let p(a) = -a**2 + 7*a + 3. Let v be p(7). Suppose -366 = -3*t - v*y, -4*t - c*y = t - 625. Is t composite?
False
Let i = 17 + -10. Suppose -2*r - 4*p = 0, -r + 3*p + i = -8. Let l(q) = q**3 - 6*q**2 + 5*q + 5. Is l(r) prime?
False
Let p = -7 + -40. Let r = -8 - -14. Let h = r - p. Is h composite?
False
Suppose -h + 444 = 3*h. Is h a composite number?
True
Let s(m) = 3*m**3 + m**2 - 2*m + 1. Let v(q) = -q - 6. Let i be v(-9). Suppose -2*u + u = -i. Is s(u) prime?
False
Suppose 279 = 5*z - 2*z - 2*c, 5*z - 465 = 2*c. Is z a prime number?
False
Let s = 2940 + -43. Is s a prime number?
True
Let o(c) = -14*c + 51. Is o(-8) composite?
False
Suppose -3*h - 325 = 131. Is (-4)/(-14) + h/(-7) composite?
True
Let x(f) = 4*f**2 - 7*f + 11. Suppose i + 20 = 3*o, 5*o + 5*i = 26 + 34. Is x(o) a prime number?
True
Suppose -u - 15 = -6*u. Suppose -3*t - u*b - 5 - 7 = 0, 0 = 2*b + 2. Let x(j) = -27*j - 2. Is x(t) a prime number?
True
Suppose -3*v = -15, -4*o + 88 = -o + 5*v. Is o composite?
True
Is ((-3)/(-6) - 1)/(1/(-6718)) composite?
False
Let z = 3347 - -516. Is z prime?
True
Let v = 18 + -146. Let s = 289 + v. Is s a composite number?
True
Let x(n) = n**2 - 7 - 5*n + 4*n - 2*n. Suppose -4*t + 5*i + 24 = 0, 9*t + 4*i = 4*t + 30. Is x(t) prime?
True
Let q be (207/(-12))/(2/(-32)). Is (-5)/2*q/(-15) prime?
False
Suppose -3*q = q - 3*g - 947, q - 254 = -5*g. Is q prime?
True
Suppose 47 = -3*b + 4*b. Is b a composite number?
False
Suppose -5*v = -2*v + 18. Let r(w) = 8*w + 3 + 0*w - 3*w - 3*w**2 + 4*w**2. Is r(v) a composite number?
True
Is 2/(-4)*1*-38 a prime number?
True
Let k be -3 + (0 - 3*-2). Suppose s - k*s = 316. Is 2/((-162)/s + -1) prime?
True
Suppose -229 - 3061 = -10*p. Is p a prime number?
False
Suppose -5*z + 5 = 0, 3717 = 5*g - 5*z - 123. Is g a composite number?
False
Let b(q) = 20*q - 1. Is b(6) composite?
True
Let m(h) be the third derivative of 0*h + 0*h**4 + 1/12*h**5 - h**2 - 1/6*h**3 + 0. Is m(-2) prime?
True
Let j(v) = 3*v**3 - v. Let i be j(1). Suppose 5*f + i*t = 183, 0 = -4*t + 20 - 4. Is f composite?
True
Let h(m) = -m**3 - 6*m**2 + 6*m - 4. Let n be h(-7). Is (1/n)/((-2)/(-222)) a composite number?
False
Let z be ((-4)/6)/(2/15). Let s(w) = -63*w + 2. Is s(z) a composite number?
False
Let n = -663 + 1114. Is n a prime number?
False
Is (9 - 7)*79/2 prime?
True
Let a(s) = -s**2 + 2*s**2 + 6*s**2 + 9 + s**3 + 6*s. Suppose 3*g + 30 = -2*g. Is a(g) a composite number?
True
Let z(u) = -20*u + 11. Let p be z(-10). Suppose -3*f - p = -2*c + 202, -5*c - 3*f + 1022 = 0. Is c a prime number?
False
Suppose -5*a - 2*z = -438 - 2864, -z = a - 661. Suppose -3*l - 2*l - 5*y + a = 0, 4*l + 2*y - 526 = 0. Is l prime?
True
Let w = 3 - -1. Suppose -3*d - w*y = 1, d + 3*d + y + 10 = 0. Is d + 9 + (-3)/(-3) composite?
False
Let x be (6/(-7))/(2/826). Is (x/(-4))/((-12)/(-8)) composite?
False
Let j(u) = 2*u**2 - 2. Let v be j(-2). Let p = v + -5. Suppose -p = g - 7. Is g prime?
False
Let s(z) = 8*z**2 + 14*z + 19. Is s(-8) prime?
True
Suppose -o + 0*o - 4*s = -275, -811 = -3*o - 5*s. Is o prime?
False
Let h = 44 + 89. Is h prime?
False
Suppose -i = w - 35, i + 4*i + w = 159. Suppose -4*d + i = -v - 4*v, 4*d - 7 = -3*v. Suppose 3*z + 25 = 2*y, 0 = d*y + z + z - 42. Is y a composite number?
False
Let a(d) = -d - 4. Let q be a(0). Let v = q + 6. Suppose 0 = 3*i + 4*p - 121, 35 = i - 2*p - v*p. Is i a prime number?
False
Suppose 0 = -2*l - 5 - 1. Let i = 7 + l. Is i a composite number?
True
Let v(a) = 37*a**3. Let n be v(-1). Let q = -25 - n. Is 1446/q - 2/(-4) composite?
True
Suppose 0 = -2*a - 3*d + 713 + 281, a - 511 = 2*d. Is a a prime number?
True
Suppose 0 = 4*l + 4*i + 3216, -2*i = 4*l + 2408 + 808. Let s = -403 - l. Is s composite?
False
Let i be ((-20)/(-6))/(3/234). Let c = i + -173. Suppose 3*r - c = -w + r, -w + r = -90. Is w prime?
True
Let m(o) = o**3 + 3*o**2 + 5*o - 2. Let x(j) = -j**2 - 2*j + 1. Let w(l) = -3*m(l) - 5*x(l). Is w(-4) prime?
True
Suppose 0 = 9*n - 2815 - 2864. Is n prime?
True
Suppose -l - 6 = -3*l. Suppose 2*k = l*k - 2. Suppose -4*t + k*s = -138, t + 4*s + 66 = 3*t. Is t prime?
False
Suppose 0 = -5*b + h + 813, 0 = 5*b + 5*h - 284 - 541. Is b prime?
True
Let b(t) = -42*t + 49. Is b(-9) a prime number?
False
Suppose 4 = u - h - 2, 0 = 3*u + 3*h - 18. Let f = u + -2. Suppose 176 = 2*l - 0*i - 2*i, -f*l = 5*i - 325. Is l a composite number?
True
Let z be -1 - ((-1 - 1) + -3). Suppose -z*o = -263 - 5. Is o composite?
False
Let g = 3 - 2. Let z be -2*(g + (-177)/(-6)). Let s = -26 - z. Is s composite?
True
Suppose 57 = -8*f + 7*f. Let c = f - -104. Is c composite?
False
Let m(a) = -2*a**2 + a + 2503. Is m(0) a composite number?
False
Suppose 0 = -4*z + z + 6. Let x be (-6)/9*-30 - 2. Suppose 8 = z*j - x. Is j a composite number?
False
Suppose 46 = b + 4*o, 3*b = -0*b + o + 112. Is b composite?
True
Suppose -2 = 2*l + 2. Let p(r) = -r**2 - 9*r + 2. Let v be p(-9). Is 36 - v - l/(-2) prime?
False
Is (382/(-4))/((-3)/6) a composite number?
False
Let k(m) = m**2 - 6*m. Is k(-7) composite?
True
Suppose 3*a - 35 = k - 6*k, -2*k + 33 = 5*a. Suppose -a*o + 45 = -0*o. Let l = 10 + o. Is l composite?
False
Suppose 465 = 3*j + 3*n, 4*j = 2*n + 257 + 387. Is j composite?
True
Suppose 2 = 5*l - 13. Suppose 3*u - l*s - 183 - 57 = 0, u + 2*s = 77. Is u prime?
True
Let n = -9 + 23. Is n prime?
False
Suppose -z + 737 = 4*h, 2*z - 1154 = 5*h + 359. Is z a composite number?
True
Suppose 3*o - 1469 = 1363. Suppose x - o + 321 = 0. Is x a prime number?
False
Let c be ((-2)/(-4))/(1/40). Suppose w - 121 = -c. Suppose 0 = -4*p + 5*i + 61, -4*p - p = 2*i - w. Is p a composite number?
False
Let c(s) = s**2 - 7*s + 8. Let z be c(7). Let q(g) = -2*g**2 + g**2 - 7*g - z + 2*g**2. Is q(9) composite?
True
Suppose 4*z - 3*u = -8*u - 873, 2*z = 3*u - 431. Suppose 0*y + 2*y + 748 = -4*o, -1118 = 3*y + 5*o. Let w = z - y. Is w a composite number?
False
Let l(m) = -m**2 + m + 142. Let x be l(0). Suppose 2*b = 4*h - x, 109 = h + 2*h - 4*b. Is h a composite number?
True
Suppose 0 = m + 14 + 59. Is -2 - (m - -1)/3 prime?
False
Let s(r) = -2*r**2 + 18*r + 2. Let z be s(9). Is -389*(z + -1)/(-1) composite?
False
Let s = -746 - -1287. Is s a composite number?
False
Let z(o) = 9*o + 6. Is z(5) prime?
False
Let s(g) = g**3 + 5*g**2 - 5*g - 4. Suppose 5*l + 2*n = -2*n - 25, 4*n = 0. Is s(l) prime?
False
Suppose 0 = -v - 4, -5*x = v - 6*v - 610. Is x a prime number?
False
Suppose 0 + 5 = -v - 2*r, -4*r - 20 = 0. Suppose -v*x = -2*x - 12. Suppose -w - x*u + 57 = 0, 3*w + 2*u - 249 = -2*w. Is w a composite number?
True
Suppose 3*g - v = -6*v + 13, -4*g = -v - 25. Let p(s) = 4*s**2 - 3*s - 8. Is p(g) a composite number?
True
Suppose -2*r + 305 = p, 0 = -2*p + 2*r + 2*r + 634. Is p a composite number?
False
Let y(b) = -45*b + 11. Is y(-4) prime?
True
Let a(i) be the second derivative of -13*i**3/3 - i**2/2 + 3*i. Suppose 4*d + l + 9 = 0, -2*d + 4*d + 15 = 3*l. Is a(d) composite?
True
Suppose -5*c = -q - 42, 5*c - 2*q - 32 = -6*q. Let w be -1 - (-1)/(2/c). Suppose 5*a + w*l = 442, a - 5*l - 13 = 81. Is a composite?
False
Let t = -12 + 5. Let o be t*1*1*-5. Suppose 0*p + 5*p + o = 2*s, -s + 5*p = -25. Is s a prime number?
False
Let l = 9 + -5. Let i be (-8)/(-6)*(-198)/l. Is 6/15 + i/(-10) a prime number?
True
Suppose -4*s = -0*y + 5*y - 32, 0 = s - 3*y - 8. Let j(u) = -2*u + 2*u**3 - 3 + s*u + 9*u**2 - 3*u**3 + 3*u. Is j(8) composite?
True
Suppose -c + 3*h + 194 = 0, 6*c = 2*c - 5*h + 759. Is c prime?
True
Suppose 2